ose -l - 79 = -v*l. Is l a prime number?
True
Let w(o) = -o - 3. Let j be w(-6). Suppose -3*i - 5*u = 13, u = -j*i + 6*u + 37. Suppose -6*l - 94 = -i*v - 8*l, -2*v + 50 = 2*l. Is v a prime number?
False
Suppose d + 2*a - 4*a - 4 = 0, 5*d - 7 = -3*a. Suppose -d*l - 51 = -165. Is l a composite number?
True
Let w(r) = r**2 + 4*r + 2. Let p(g) = -g**2 - 4*g - 2. Let d(y) = 6*p(y) + 7*w(y). Let s be d(-4). Is ((-2)/(-4))/(s/76) composite?
False
Let g = -2797 + 545. Let u = 3631 + g. Is u composite?
True
Suppose 0 = -g - g + 4. Suppose -2*o - 5*x = -33, 5*x - 41 = -6*o + g*o. Suppose 0*i - o*i = -644. Is i composite?
True
Let i be 15/10 - 38/4. Let t(o) be the second derivative of o**4/12 + 3*o**3/2 + 5*o**2 + o. Is t(i) a composite number?
False
Let r = 0 - -3. Let w = 2 - r. Is (-34)/(-2 + 1) + w prime?
False
Let y = 102 - 49. Is y a prime number?
True
Let q(z) = 29*z**2 + 6*z - 16. Is q(5) prime?
True
Suppose -23 = -4*o + 3*b, -4*b = -5*o + 4*o + 9. Let w be o/(((-9)/21)/(-3)). Let h = w - 10. Is h a prime number?
False
Suppose -3*s = -0*s. Suppose -5*o + s*o + 5*c + 175 = 0, o = 2*c + 38. Is 15/25 - o/(-5) a composite number?
False
Let f(w) = -w**2 - 15*w + 5. Is f(-11) prime?
False
Suppose 735 = 4*o - 3*s, 7*s - 875 = -5*o + 2*s. Is o/16 + 1/(-4) a composite number?
False
Suppose 6*p - 491 = 6535. Is p prime?
True
Suppose 4*h = -3 - 5. Is -35*(0 + -1) - h a composite number?
False
Let k = 1541 - 882. Is k a composite number?
False
Let a = 1017 + -538. Is a prime?
True
Let f(u) = 183*u**2 + 13*u - 13. Is f(5) a prime number?
False
Let w = 15 - -542. Is w prime?
True
Let j be -252*10*1/(-4). Suppose -2*y - 506 = -4*v, -2*v - 3*v + j = -5*y. Is v prime?
True
Let s = 2 + 0. Let k = 8 - s. Suppose 130 = 2*u + k. Is u prime?
False
Let l(j) = j**3 + 6*j**2 - 7*j + 2. Let x be l(-7). Suppose -4*z = 5*n - z - 566, -466 = -4*n + x*z. Is n a prime number?
False
Let x(h) = -9*h - 24. Is x(-7) a composite number?
True
Let c = 1183 + -768. Is c a prime number?
False
Suppose 3*m + 26 = -37. Let g be (-364)/(-6) + 14/m. Let o = 73 + g. Is o composite?
True
Let t be (-648)/(-42) - 3/7. Let g be (-200)/6*(-9)/6. Let y = g + t. Is y composite?
True
Let d(q) = 3*q**3 - 5*q**2 - 6*q - 1. Is d(5) composite?
True
Is ((-31)/3)/(5/(-105)) prime?
False
Let s(t) = -77*t**3 + 3*t**2 + 2*t - 1. Is s(-2) composite?
True
Is (0 + -1)/((1/(-614))/1) a prime number?
False
Let z(m) = 4*m + 1. Let d be z(5). Suppose 15 = 4*x - d. Suppose y - x = -2*y. Is y a prime number?
True
Is (-8)/(-52) - 9300/(-52) composite?
False
Suppose -4*f = 3*d - 4919, 4*f - 6*f + 1641 = d. Is d prime?
True
Let g(t) = 11*t - 3. Let v(m) = -m - 1. Let x(c) = -g(c) + 3*v(c). Let y be x(-1). Suppose y = 3*s - s + 2*n, 5*s - 5*n - 75 = 0. Is s a prime number?
True
Let w(l) = l**3 + l**2 - l + 4. Let r(i) = -i**2 + 6*i + 11. Let b be r(8). Let o(c) = -c - 2. Let x be o(b). Is w(x) a prime number?
True
Suppose 118 - 866 = -4*m. Is m prime?
False
Let q be -2*(-2)/(4/3). Let j be (-1)/q - 28/(-12). Suppose j*c = -4*t - 3*c + 85, -15 = -3*c. Is t prime?
False
Let z(w) = 82*w**2 + 2*w - 1. Let k be z(1). Suppose g = -y + 116, g - k + 419 = 3*y. Is y a prime number?
True
Suppose 2*l - 18 = 2*k, -3*l - 2*k = -2*l - 3. Let w = l + -4. Suppose 5*r = -0*r + 5*p + 40, -w*r = 5*p - 40. Is r prime?
False
Let n(a) be the third derivative of -a**6/120 + a**5/30 + a**4/6 + a**3/3 + a**2. Let k(o) = -2*o - 20. Let t be k(-9). Is n(t) composite?
True
Let d = -164 - -572. Let i = -259 + d. Is i composite?
False
Let a be 0 - (8*41)/(-1). Suppose -4*g + x = -a, -x + 134 = 5*g - 285. Is g composite?
False
Let z = 221 - 63. Is z composite?
True
Let b = 31 + 19. Suppose -4*s = -5*a - 416, -5*s - b = 3*a - 533. Let n = -62 + s. Is n a prime number?
True
Let l = 51 - 210. Suppose 0 = -3*j + 3, 2*f - 6*f = j - 1233. Let a = f + l. Is a composite?
False
Suppose -2*p - p + 24 = -3*o, -2*p = o - 4. Let v be 4*((-375)/o - 0). Suppose 0 = -5*i - v + 1010. Is i a prime number?
True
Let l(m) = m**3 - 3*m - 4. Let x be l(-5). Let a = -35 - x. Is a a composite number?
False
Let w(l) = l**2 + 3*l + 7. Suppose 5*b - 3*b + 4*p = 12, 2*p = 4*b + 16. Let u(m) = 2*m**3 + 2*m**2 - m - 1. Let z be u(b). Is w(z) prime?
False
Let j = -34 + 165. Is j prime?
True
Let n = 406 - 261. Is n a prime number?
False
Let w(v) = -v**3 + 5*v**2 - 4*v. Let p be w(4). Suppose 0 = 3*l + 2 - 5, -z + 5*l + 10 = p. Is z prime?
False
Is (673/1)/((-1)/(-1)) prime?
True
Suppose -7772 = 7*r - 31635. Is r composite?
True
Suppose 0 = -j - 27 + 260. Is j composite?
False
Let d = 13 + -11. Suppose -a + 973 = 2*l, 1952 = 2*l + d*l - 4*a. Is l composite?
False
Let v be (4/5)/(8/20). Suppose 0 = 3*j - 3*d, 3*j + 0*d - 3 = v*d. Is 14 - (j + -1 + 1) prime?
True
Suppose -p - 317 = -946. Is p a composite number?
True
Let l(d) = -4*d - 40. Let c(f) = -7*f - 79. Let q(a) = -3*c(a) + 5*l(a). Is q(0) a prime number?
True
Suppose -4*n + 2*n = -10538. Is n a composite number?
True
Let w(t) = -t + 6. Let o be w(6). Suppose o = -3*l - l + 488. Is l composite?
True
Suppose 0*m = 2*m - 262. Is m prime?
True
Let m = 11 + 39. Suppose 0 = 4*i, m = 3*n + 2*n - i. Is n a prime number?
False
Let c(s) = -22*s - 5. Is c(-6) a composite number?
False
Let z be 2*(-1)/4*-8. Let j(i) = 15*i - 2. Is j(z) a composite number?
True
Suppose 0 = -4*f - 0*f - 4. Is f/2 - 149/(-2) composite?
True
Let r be (220/30)/((-2)/(-102)). Suppose 2*f = 4*q - r, 3*q - 8*q + 435 = 4*f. Is q a composite number?
True
Let a be 2/4 + (-18)/(-4). Suppose a*q = 2*q + 6. Suppose -q*f + 19 = -f. Is f a prime number?
True
Let u(r) be the third derivative of -r**6/120 + r**5/12 + r**4/8 + r**3 + 4*r**2. Is u(5) prime?
False
Is -1*298/(-4)*2 a prime number?
True
Let t(a) = 4*a**2 - a - 1. Is t(-6) a prime number?
True
Let d(x) = 4*x**3 + 5*x**2 + 9*x - 4. Let q(u) = -u**3 - u**2 - 2*u + 1. Let g(a) = -2*d(a) - 11*q(a). Is g(2) a prime number?
False
Suppose 3*c - i - 268 = 0, -c - 28 = 5*i - 112. Is c a prime number?
True
Suppose l - 4*o + 0*o = 160, -2*o + 8 = 0. Suppose -29 = -w + l. Is w a prime number?
False
Let h be 2/(-3) + 842/(-6). Is -1*2*h/6 a composite number?
False
Let j(h) = 6*h**2 - 3*h - 4. Let n be j(-6). Suppose 0 = 4*z + n - 618. Is z a composite number?
False
Let z(x) be the second derivative of -1/12*x**4 + 0 - 7/2*x**2 + 3*x - 8/3*x**3. Is z(-6) a prime number?
True
Let z(x) be the second derivative of x**3/6 - x**2 - 4*x. Let d be z(2). Suppose 0*t = 3*t - 3*h - 267, d = -4*t - 5*h + 338. Is t a prime number?
False
Let d = -8 + 12. Let q = d + 0. Suppose 4*y + 0*f - 3*f - 446 = 0, q*y = 2*f + 448. Is y a prime number?
True
Suppose 2*y + 129 = l + y, -4*y - 144 = -l. Suppose 0 = -3*a - l + 13. Let h = 78 - a. Is h a prime number?
False
Let h(u) = -3*u**3 - 2. Suppose 13 = 3*a - 2*z, 5*a - 51 = z - 5*z. Suppose -5*c - 22 + a = 0. Is h(c) composite?
False
Suppose 0 = 2*a - 3*o + 5*o - 722, -2*a + 4*o + 722 = 0. Is a a prime number?
False
Suppose -5*r = -3*q - 3 - 242, q = 3*r - 151. Let c be ((-1)/2)/((-3)/(-162)). Let x = c + r. Is x a prime number?
False
Suppose 0 = -0*z + 4*z - 5*a + 17, 0 = 5*z + 4*a - 30. Suppose -z*p = -0*i - 2*i + 420, 3*p - 415 = -2*i. Is i prime?
False
Let u = -100 - -245. Is u composite?
True
Let l = 1894 - 495. Is l a prime number?
True
Let d(p) = 2*p - 1. Let o be d(2). Suppose -11 = -h - o*g, 33 = 3*h - g - 2*g. Let x = 24 + h. Is x a composite number?
True
Let x be ((-1152)/(-15))/((-3)/(-10)). Let z = -138 + x. Is z prime?
False
Is ((-1738)/55)/((-2)/5) a composite number?
False
Let h = 4 + -2. Let m be (-1)/h - 6/4. Let q = 1 - m. Is q a prime number?
True
Suppose -24 = -5*z + 81. Is z composite?
True
Let n(h) = 26*h**3 - h**2 - h + 1. Let g(i) = i**3 - 5*i**2 - 4. Let u be g(5). Let t(q) = -q - 3. Let b be t(u). Is n(b) composite?
True
Let l(q) = q - 14. Let m be l(14). Suppose 3*d + 3*k = 639, m = -0*d - d + 5*k + 237. Is d a prime number?
False
Is 1759 + 2 + (-4 - 0) a composite number?
True
Let u(t) = 4*t**3 + 2*t**2 + 4*t - 7. Is u(5) a composite number?
False
Let c(h) be the third derivative of -h**9/60480 + h**7/1680 - h**6/144 - h**5/30 - h**2. Let w(s) be the third derivative of c(s). Is w(-4) prime?
True
Suppose 0 = 8*g - 6*g - 4. Is 2007/6*g/3 a composite number?
False
Su